h - 123. What are the prime factors of k(-14)?
11, 97
Suppose -8*c = -4*c + 2*v - 3880, -v = -4*c + 3880. What are the prime factors of c?
2, 5, 97
What are the prime factors of 1/((-91)/(-20461)) - 4/(-26)?
3, 5
Let n(f) = f**3 - 36*f**2 - 244*f + 80. List the prime factors of n(42).
2, 13
List the prime factors of -4 + -1 + 2 + 6 + 706.
709
Let d be ((-2)/(-3))/((-13)/117). Let z be (-5 + -10)*d/(-2). Let v = z - -90. What are the prime factors of v?
3, 5
Let f = -6 + 8. Suppose -f*w + 3 = -5. List the prime factors of (-42)/(-8) + w/(-16).
5
Let d = -256 + 2155. What are the prime factors of d?
3, 211
Let u = -10 - -14. Suppose -u*t = -0*t - 24. What are the prime factors of (-9)/(-3)*t*1?
2, 3
Let y(r) = -r + 3. Let d be y(0). Let k be 8 + (0 + d)/(-3). Let v = k - -34. List the prime factors of v.
41
What are the prime factors of 207*(-30)/(-6) - -7?
2, 521
Let f(s) = s**2 - 19*s - 187. List the prime factors of f(-24).
5, 13
Let o be (3 - 1) + -1 - 1. Suppose -4*k + 2 + 6 = o. List the prime factors of (-7 - -19)/(2/k).
2, 3
Let p be 14/(-4*2/(-144)). What are the prime factors of (p*1)/2 - 4?
2, 61
Let c(r) = 3*r + 29. Let a be c(-18). Let d = 15 - -29. Let j = d + a. List the prime factors of j.
19
Let u = -1028 + 2913. What are the prime factors of u?
5, 13, 29
What are the prime factors of 41 + -46 + 824/2?
11, 37
Let s(d) = d - 9. Let x(f) be the first derivative of -f**3/3 + 3*f**2/2 - 17*f - 3. Let l(g) = 5*s(g) - 3*x(g). List the prime factors of l(4).
2, 19
Let b = 60 + 99. What are the prime factors of b?
3, 53
Let f(d) be the third derivative of -d**6/120 - 17*d**5/60 - 7*d**4/8 - d**3/6 + 8*d**2. List the prime factors of f(-16).
79
Suppose 2*a + 83 = -31. Let y = 52 - a. Suppose -13 + y = 4*k. List the prime factors of k.
2, 3
Suppose -25*r = -23*r + 76. List the prime factors of (r/5)/((-10)/25).
19
Let j(y) = -22*y - 31. Let u = -135 - -126. What are the prime factors of j(u)?
167
Let m(c) = -2*c + 2. Let k be m(-6). Let g be (4/(-5))/(k/(-140)). What are the prime factors of ((-26)/g)/((-1)/4)?
13
Let b = 1021 - 245. List the prime factors of b.
2, 97
Let u be 39/(-52) - 3/(-4). Suppose 2*q = -y + 2*y + 111, 2*q - 2*y - 108 = u. List the prime factors of q.
3, 19
Let r be (-2)/18*2 + (-1964)/(-9). Let x = -17 + r. What are the prime factors of x?
3, 67
Suppose 10*p = 3472 + 1588. List the prime factors of p.
2, 11, 23
Suppose 3*n - g - g - 18 = 0, -4*n - g = -24. Suppose 616 + 68 = n*a. What are the prime factors of a?
2, 3, 19
Let z(f) = -f**2 - 23*f + 19. List the prime factors of z(-17).
11
Let m(q) = 10*q - 1. Let y be 8 + (4 - 8) + 0. List the prime factors of m(y).
3, 13
Let l = -429 + 1377. List the prime factors of l.
2, 3, 79
Suppose 21*j - 24*j + 303 = 0. Suppose -2*w = w - 60. Suppose -w = 5*y + 2*o - j, 4*y = -5*o + 58. List the prime factors of y.
17
Let v = -1194 + 2643. What are the prime factors of v?
3, 7, 23
Suppose -4620 = -49*l + 5*l. What are the prime factors of l?
3, 5, 7
Suppose 71*f - 77*f = -18. Let p(m) = -6*m - 8. Let w be p(-7). Suppose n - w = 2*h + h, -f*n - 5*h + 144 = 0. List the prime factors of n.
43
Let l(s) = 2611*s**2 - 2*s - 3. Let x be l(-1). Suppose -9*c = -0*c - x. List the prime factors of c.
2, 5, 29
Suppose -136*i + 126*i = -17400. What are the prime factors of i?
2, 3, 5, 29
Let w(f) = 4*f**2 + 32*f + 343. What are the prime factors of w(-27)?
5, 479
Let q be (4 + -6)*(-725)/10. Suppose 5*m - d - 845 = -0*d, -q = -m + 5*d. What are the prime factors of m?
2, 5, 17
What are the prime factors of (-2 - (-1418)/(-2) - 2)/(-1)?
23, 31
Suppose -6*y + y + 6050 = 0. Suppose 7*m - 757 = y. What are the prime factors of m?
281
Let w(a) = -a**3 + 14*a**2 - 7*a. Let c be w(14). Let m = -12 - c. List the prime factors of m.
2, 43
Let q be (-1)/3*0 + -4. Let c be (-48)/40*10/q. Suppose -5*r + 2*f + 34 = -0*r, c*r - 9 = 5*f. What are the prime factors of r?
2
Let w(p) = p**3 - 3*p**2 + 7*p - 11. Let j(x) = -7*x**3 - 2*x**2 - 2*x - 1. Let n be j(-1). Let a be w(n). Suppose 4*y = 49 + a. List the prime factors of y.
47
Let o = 30 + -20. Suppose 0 = 3*q - o*q - 42. What are the prime factors of (48/(-9))/(q/45)?
2, 5
Let d = 1555 - 190. List the prime factors of d.
3, 5, 7, 13
Let p = 20 + 1644. What are the prime factors of p?
2, 13
Let v = 60 + -64. What are the prime factors of (408/9 - v)/((-6)/(-9))?
2, 37
Let v(n) = 3*n - 14. Suppose 0*t - 23 = -2*b - 3*t, -4*t = 3*b - 33. Let a be v(b). Suppose -2*z = -5*k + a, k + 1 = 2*z - z. What are the prime factors of k?
3
Suppose 2*h + 20 = 2*r, 0 = -h + 4 - 0. Suppose -11*q = -5*f - r*q + 279, 4 = -2*q. List the prime factors of f.
3, 19
Let s(f) = 51*f + 1. Let l be s(3). Suppose 15*t - 9*t = 30. Suppose -t*x = -l - 36. List the prime factors of x.
2, 19
List the prime factors of ((-7)/(-7)*1)/1*1038.
2, 3, 173
Let w be ((-13)/(-26))/((-2)/12). Let n be (4/w)/(8/(-252)). Suppose -3*f + 9 = -n. What are the prime factors of f?
17
Let x = -23 - -11. Let u = x + 5. Let n = 16 + u. List the prime factors of n.
3
Let z(x) = -170*x**3 - x**2 - 9*x - 9. List the prime factors of z(-1).
13
Let f be (-474)/30 + (-2)/10. Let w = f + 14. What are the prime factors of (-21)/w*(-4)/(-6)?
7
Suppose -20*r + 7274 = -2586. List the prime factors of r.
17, 29
Suppose 4 = 2*q - 3*o, -2*o - 6 = -3*q - 0*q. Suppose q*k - 432 = 128. Suppose -4*c = -k - 4. List the prime factors of c.
71
What are the prime factors of 1262/3 - (-78)/(-117)?
2, 3, 5, 7
Let g = -48 + 52. List the prime factors of (-1 + 99)/(g/4).
2, 7
Let j = 2442 - 887. List the prime factors of j.
5, 311
What are the prime factors of ((-3620)/(-6))/((-64)/(-96))?
5, 181
Suppose -4 = 2*r, -r = 4*f + f - 1113. Let k = 372 - f. What are the prime factors of k?
149
What are the prime factors of 207 + (-2)/(-3 - 35/(-15))?
2, 3, 5, 7
Let c = 11 - -12. Suppose -z - 4 = 2*o + 3*z, 5*z = 2*o - c. Suppose -3*w + 71 = 3*r - 5*r, w - 37 = o*r. What are the prime factors of w?
3, 7
Suppose 0 = 5*q - 2*f - f - 10, 0 = q - 2*f - 9. Let j be (q/(-2))/((-12)/(-384)). Suppose 2*z - 4 - j = 0. What are the prime factors of z?
2, 5
Let s = 1800 - 469. List the prime factors of s.
11
Suppose -2*s + 2097 = -511. List the prime factors of s.
2, 163
Suppose -4 = 2*s, -6 + 2 = t + s. List the prime factors of (t*(-38)/8)/((-13)/(-78)).
3, 19
Let f = -11739 - -17096. List the prime factors of f.
11, 487
Let k(z) be the second derivative of 23*z**4/6 + z**3/6 + z**2/2 - 8*z. List the prime factors of k(-1).
2, 23
What are the prime factors of (48 - -1)*(24 + -17)?
7
Suppose -2*u - 500 = -5*i + 3*u, -5*i + u = -480. List the prime factors of (i/20 - 5)*(-2 - 26).
7
Suppose 39*d + 44*d = 84494. List the prime factors of d.
2, 509
Suppose 4*v + 109 - 789 = 0. Let c = -291 + 170. Let z = c + v. List the prime factors of z.
7
Let s = -3556 - -7199. What are the prime factors of s?
3643
Suppose -3*v + 4*g = -6512, -g = -33 + 29. List the prime factors of v.
2, 17
Suppose -2*b - d - 2*d = -138, 3*b = -4*d + 206. What are the prime factors of (-4220)/(-22) - (-12)/b?
2, 3
Let h(l) = -l**3 + 11*l**2 - 19*l + 21. List the prime factors of h(7).
2, 3, 7
Suppose -3*u + 5*i + 20 = -0*i, 3*i + 3 = 0. Suppose 2*a - 778 = -u*v, -2*v + 328 = 2*a + 3*a. What are the prime factors of v?
2, 7, 11
Let a(x) = -36*x + 5. Let u be a(-5). Suppose -3*g + u = 2*g. Suppose -23 = -4*t + g. What are the prime factors of t?
3, 5
List the prime factors of (-8450)/(-40) - (-2)/(-8).
211
Let y be 5322/(-12) - 3/2. Let g = -252 - y. List the prime factors of g.
193
Let m = 1413 - 1042. What are the prime factors of m?
7, 53
Suppose 11*j = 12*j - 4. Suppose -212 = -4*y + 4*t, j*t - 235 = -5*y - t. List the prime factors of y.
2, 5
Suppose 9*d = 4*d - 5*d. Let r(o) be the first derivative of o**4/4 - o**3/3 + o**2/2 + 10*o - 1. List the prime factors of r(d).
2, 5
Suppose 32 = 2*p + 2*p. Suppose p*s - 9 = 5*s. Suppose -92 = -7*g + s*g. List the prime factors of g.
23
Let g(m) = m**2 + 5*m + 3. Let u be g(-4). Let q be (10/(-20))/(u/66). Suppose 0 = 3*l - q. What are the prime factors of l?
11
Let i(a) = a**2 - a - 2. Let q(g) = -8*g - 1. Let c be q(1). Let v = c - -3. What are the prime factors of i(v)?
2, 5
Let r be 4 - (-3)/9*3. Suppose -5*h + 605 = r*o, -5